highest common divisor of 135 and 398124?
9
Calculate the highest common factor of 172647139 and 7.
7
What is the greatest common divisor of 57124592 and 64?
16
What is the highest common factor of 3730230 and 775?
155
What is the highest common factor of 914353 and 21109?
1111
Calculate the greatest common divisor of 13226007 and 4734.
789
What is the greatest common factor of 16686701 and 872?
109
Calculate the highest common divisor of 55871583 and 33.
3
What is the greatest common divisor of 99 and 565741?
11
Calculate the highest common factor of 314944 and 2704.
16
Calculate the greatest common factor of 3309255 and 3240.
405
What is the greatest common divisor of 119 and 17644025?
7
Calculate the highest common factor of 68484 and 1270464.
156
What is the highest common factor of 189 and 219532257?
63
What is the highest common divisor of 125909811 and 5535?
369
Calculate the greatest common factor of 26956566 and 1092.
546
Calculate the greatest common factor of 4131403 and 265.
53
What is the highest common factor of 79398491 and 1383?
461
What is the highest common divisor of 41 and 68620388?
41
What is the highest common factor of 10787 and 16688?
7
Calculate the highest common factor of 4282400 and 4770.
530
Calculate the greatest common factor of 44658490 and 3230.
170
Calculate the highest common divisor of 18 and 3385485.
9
What is the highest common divisor of 223440782 and 3582?
398
What is the highest common factor of 7455 and 45213?
21
What is the highest common divisor of 127903437 and 49795?
9959
What is the highest common divisor of 6064 and 39996628?
1516
Calculate the highest common divisor of 12804 and 1111636878.
6402
Calculate the greatest common divisor of 1096400 and 14256.
16
Calculate the greatest common divisor of 496373 and 642.
107
Calculate the greatest common divisor of 1167066 and 1656.
414
Calculate the greatest common factor of 53558 and 10484198.
878
Calculate the greatest common divisor of 1059824 and 3104.
16
What is the greatest common divisor of 3588565 and 22145?
215
Calculate the highest common divisor of 618532640 and 1075.
215
What is the greatest common factor of 167933 and 255346?
61
What is the highest common factor of 310948 and 9240?
44
What is the greatest common divisor of 2436 and 2247?
21
What is the greatest common factor of 26805082 and 6106?
86
What is the greatest common divisor of 13708 and 278001667?
3427
What is the highest common divisor of 17074739 and 165?
11
What is the greatest common factor of 327 and 21214779?
327
What is the greatest common factor of 527 and 1462334356?
527
What is the highest common divisor of 5576 and 10018104?
328
What is the highest common divisor of 17973 and 6849?
9
Calculate the greatest common factor of 4073148 and 288.
36
Calculate the highest common factor of 3077242 and 3577.
511
Calculate the highest common divisor of 10173 and 229750423.
3391
Calculate the highest common divisor of 90 and 823685.
5
What is the highest common factor of 8004285 and 484725?
4215
What is the highest common factor of 127900 and 3590?
10
What is the highest common divisor of 29530 and 9015?
5
Calculate the highest common divisor of 2909171133 and 54.
27
Calculate the highest common factor of 6771 and 88467.
111
Calculate the highest common divisor of 56 and 11428360.
8
What is the greatest common factor of 47275 and 515930985?
9455
What is the greatest common factor of 39780506 and 6641?
229
What is the greatest common factor of 1737 and 135846717?
579
Calculate the greatest common divisor of 450455964 and 168.
84
Calculate the greatest common divisor of 136 and 3890144.
136
What is the greatest common factor of 12750 and 1783470?
510
Calculate the greatest common factor of 2179 and 4281735.
2179
Calculate the greatest common divisor of 243818051 and 4959.
551
What is the greatest common factor of 19781 and 913987?
131
Calculate the greatest common factor of 3497030 and 190.
10
What is the greatest common divisor of 16948 and 211014?
38
Calculate the highest common divisor of 270718 and 4121.
317
Calculate the greatest common factor of 2867438 and 3906.
434
What is the highest common divisor of 220463 and 14125?
113
What is the greatest common factor of 163350 and 23815?
55
Calculate the highest common divisor of 10926464 and 30592.
128
What is the greatest common divisor of 58 and 8049559?
29
What is the greatest common factor of 27475024 and 528?
16
What is the highest common divisor of 17075750 and 668?
334
What is the greatest common factor of 2783206 and 578?
34
Calculate the highest common factor of 249626 and 476.
2
What is the highest common factor of 5324 and 260656?
44
Calculate the greatest common divisor of 4816908 and 567.
81
Calculate the highest common divisor of 26 and 800308769.
13
What is the highest common divisor of 273665 and 821240?
245
What is the highest common factor of 41557 and 200620?
1433
What is the greatest common factor of 1227573 and 14643?
9
What is the greatest common divisor of 844004 and 20124?
172
Calculate the greatest common factor of 899 and 18556259.
899
Calculate the highest common factor of 24884977 and 4316.
1079
What is the greatest common divisor of 79119612 and 4752?
1188
What is the greatest common divisor of 75587148 and 2340?
468
What is the greatest common divisor of 21908 and 13577483?
5477
What is the highest common factor of 91186776 and 6783?
969
Calculate the greatest common factor of 92267 and 268569.
343
Calculate the highest common divisor of 1400 and 6249800.
200
Calculate the highest common factor of 395290 and 217630.
70
Calculate the greatest common factor of 360 and 4447930.
10
Calculate the greatest common factor of 47392 and 174088588.
5924
Calculate the highest common factor of 1477 and 71729.
7
Calculate the highest common divisor of 133578 and 6660.
18
Calculate the greatest common factor of 668808 and 7896.
168
What is the highest common factor of 2895904 and 1900?
76
What is the highest common divisor of 27072 and 13539008?
3008
Calculate the greatest common divisor of 21624 and 3558.
6
Calculate the greatest common factor of 28411110 and 5670.
630
Calculate the highest common factor of 2615 and 584667976.
523
What is the highest common factor of 2194 and 159046351?
1097
What is the greatest common factor of 3744 and 1241568?
288
Calculate the greatest common factor of 36550695 and 15.
15
What is the highest common divisor of 1734 and 16321938?
102
What is the highest common divisor of 247681 and 240219?
287
Calculate the highest common factor of 453406 and 37286.
206
Calculate the highest common divisor of 819 and 35587149.
39
Calculate the greatest common divisor of 37658 and 46094.
38
Calculate the highest common factor of 4290 and 2872220.
130
Calculate the highest common divisor of 22082 and 347822.
122
Calculate the greatest common factor of 143951 and 11029.
41
What is the highest common divisor of 741 and 1287117?
741
Calculate the greatest common factor of 61152987 and 651.
651
What is the greatest common factor of 861 and 23544906?
861
What is the highest common divisor of 189359616 and 516?
516
What is the greatest common divisor of 4170034 and 99?
11
What is the highest common factor of 38018960 and 260?
20
Calculate the highest common divisor of 886920 and 70680.
2280
Calculate the greatest common factor of 53151 and 4431.
21
Calculate the greatest common divisor of 4862 and 32462452.
374
What is the highest common factor of 1107 and 551556?
27
What is the greatest common divisor of 48384 and 19089?
189
Calculate the highest common divisor of 6919003 and 3640.
91
Calculate the highest common divisor of 2109 and 7386630.
57
What is the greatest common divisor of 22390 and 16330?
10
What is the highest common factor of 20876790 and 6930?
330
Calculate the highest common factor of 422477744 and 1466.
1466
Calculate the highest common factor of 1012 and 12205226.
506
Calculate the greatest common divisor of 345 and 2305221.
69
Calculate the highest common divisor of 112 and 289793392.
112
What is the highest common factor of 586432 and 7106?
374
What is the highest common factor of 335115765 and 405?
135
What is the greatest common divisor of 6295 and 32137234?
1259
What is the hig